r of s and p?
6
Suppose 54*r - 26*r = 5852. What is the highest common divisor of 38 and r?
19
Let j be (-136)/(-102) + (-2)/6. Let h be (-40)/120 - j*4/(-3). Calculate the highest common divisor of 16 and h.
1
Let d = -781 + 816. What is the greatest common divisor of d and 40?
5
Suppose -2*w - 3*w = -3*k - 1047, 4*w = -3*k + 843. Let i be 8 - -7 - (4 - 4). What is the highest common factor of w and i?
15
Let t(f) = -217*f**3 - 2*f**2 - 2*f - 1. Let q = -5 + 4. Let g be t(q). Calculate the highest common divisor of 27 and g.
27
Let q be 2 - 3/((-24)/1552). Calculate the greatest common divisor of 28 and q.
28
Let w = -4 - 0. Let p be (-3)/(-12)*-2*w. Suppose -g = -n - 2*n + 128, -p*g = 4. What is the highest common divisor of 6 and n?
6
Suppose 2*c + 3*a - 30 = 28, 2*a - 31 = -c. Calculate the highest common divisor of c and 46.
23
Let i = 8 - 12. Let l be 15/(2/(-24)*i). Let j be 10/l + (-140)/(-18). What is the greatest common factor of j and 72?
8
Let p(v) = -v**2 - 19*v + 33. Let u be p(-20). Let i = 8 + 5. What is the greatest common divisor of i and u?
13
Suppose 1 = -4*m - 5*h, -m - 14 = -h + 5*h. Let k be 33 + (-1 + 2)*-3. What is the highest common factor of m and k?
6
Suppose 8*p + 6 = 22. Suppose 0 = -p*j + 5*j - 15, -2*j = -3*k + 5. Calculate the greatest common factor of 3 and k.
1
Let u(k) = k - 1. Let y be u(4). Suppose 0 = -o + 4*t + 8, 4*t - 14 - 2 = -5*o. Suppose -o*z = -2*z - 12. What is the highest common factor of y and z?
3
Let w be 3/(-2 + (-27)/(-13)). Let p be (-1166)/(-18) - (-108)/486. What is the greatest common factor of p and w?
13
Suppose 2*t + 45 = 3*i - 2*t, 4*t - 30 = -2*i. What is the greatest common divisor of 135 and i?
15
Suppose 936 = -9*d + 4005. What is the greatest common factor of 217 and d?
31
Suppose -112 - 14 = -2*b. Let y be ((-2)/4)/((-10)/840). Calculate the greatest common divisor of b and y.
21
Suppose -69*u - 200 = -77*u. Calculate the highest common divisor of u and 145.
5
Suppose 141*y = 20320 + 12251. What is the highest common divisor of y and 44?
11
Let p be (3 + 3)*62/12. Suppose 11 - p = -4*l. Calculate the highest common divisor of l and 45.
5
Suppose -k = -3*v - 595, -11*k + 4*v = -8*k - 1780. Calculate the greatest common factor of 37 and k.
37
Let o(h) = -h**3 + 5*h**2 + 6*h + 1. Let g be o(6). What is the greatest common factor of g and 13?
1
Suppose -3 = -h + 7. Let v be 2 + 1 - -105 - -2. Calculate the highest common divisor of v and h.
10
Let l(t) = t**3 - 17*t**2 + 34*t - 8. Let p be l(15). Suppose -5*q + p = -148. Calculate the greatest common divisor of q and 8.
8
Let b = 145 + -70. Calculate the greatest common divisor of b and 210.
15
Suppose 0 = 2*q - 2, -9*r + q - 61 = -14*r. What is the greatest common divisor of 102 and r?
6
Suppose -54 + 162 = 9*f. Let d be 44 - -9 - (-2 - -1). Calculate the highest common factor of f and d.
6
Let s(m) = m**3 - 66*m**2 - 2*m + 140. Let i be s(66). Let p(h) = 5*h + 1. Let j be p(1). Let k = j + -4. Calculate the highest common divisor of i and k.
2
Let g(r) = -r**2 + 10*r - 3. Let x be g(7). Let y = 1 + -4. Let f be (3/y - -2) + 17. What is the greatest common divisor of f and x?
18
Let c = 334 + -310. What is the highest common divisor of c and 60?
12
Suppose -5*d = 357 - 132. Let p be (-1 - -3)*d/(-18). Suppose 0 = -3*q + 9, 0*q + q + p = 2*t. What is the highest common factor of t and 10?
2
Let q(y) = -7*y + 38. Let x be q(5). What is the greatest common divisor of x and 42?
3
Let z be (-2)/(-2)*(3 - 6). Let u be 220 - (z + 5 + 2). What is the greatest common divisor of u and 24?
24
Suppose 8 = -2*g, 4*g = -2*f + 46 + 154. Suppose 0*t + 44 = 5*t - 3*d, -d = -5*t + 48. Suppose -2*j + t = -14. What is the greatest common factor of f and j?
12
Let h(v) = 8*v + 1. Let i be h(4). Suppose -5*m + 44 = 99. Let u be (0 + m)*1*-1. What is the highest common divisor of u and i?
11
Suppose 1875 = -4*o + 3*u + 4619, -4*u + 686 = o. What is the greatest common divisor of o and 126?
14
Let z(g) = 2*g**2 + 3*g - 5. Let y be z(-4). Suppose -1 = -q, 29 = 4*p + 5*q - 0*q. Let u be (p/(-4))/((-9)/90). What is the highest common divisor of y and u?
15
Suppose -3*k = -5*b + 179, 297 - 15 = -4*k - 2*b. Let q = 46 + k. Let l = -10 - q. Calculate the greatest common divisor of 36 and l.
12
Let b(o) = o**2 + 2*o - 5. Let y be b(-4). Suppose y*t - 242 = 31. What is the highest common divisor of t and 13?
13
Let i be 2 + -1 + 33 + (-125 - -119). Calculate the greatest common divisor of i and 44.
4
Suppose -2*r + 4*b = 162, -3*r - b + 153 = -5*r. Let m = 135 + r. What is the greatest common factor of 24 and m?
12
Let l(d) = -d**2 - 33*d - 18. Suppose 1 = -3*u - 53. Let y be l(u). Calculate the greatest common divisor of y and 42.
42
Let v = -18 - -17. Let q be 2*v/(-6)*9. Suppose d = 4*f - d - 6, q*d + 1 = 4*f. What is the greatest common divisor of f and 4?
4
Suppose -4*d + 6*n = 2*n - 308, 4 = 4*n. What is the highest common factor of 26 and d?
26
Let g = 29 - 26. Let n(f) = 11*f**2 - 2*f - 5. Let m be n(g). What is the greatest common divisor of m and 44?
44
Let m(l) = 3*l + 17. Let a(h) = 2*h**2 - 16*h - 27. Let x be a(10). Let g be m(x). What is the highest common divisor of g and 8?
8
Let d = -467 - -484. Calculate the highest common factor of 221 and d.
17
Suppose 3*t + 1125 = 2*o, -5*t = -30 + 5. Calculate the greatest common factor of 60 and o.
30
Suppose 2*z + 9*q = 4*q - 5, 0 = q + 5. Suppose 7*f - 2 = 12. Let i be 15/f*16/z. Calculate the highest common factor of 36 and i.
12
Let p = -444 + 476. Let a = 408 + -152. Calculate the highest common factor of a and p.
32
Suppose -234 = -f - 6*u + 5*u, 4*u - 1172 = -5*f. What is the greatest common divisor of f and 59?
59
Suppose 5*d = -5*m + 5, -3*m + 2*d = -0*m - 8. Let g = 10 - 4. Calculate the highest common factor of m and g.
2
Let o = 1637 + -1509. Calculate the highest common factor of 4 and o.
4
Suppose -125 = 23*a - 28*a. Suppose h = 2*h - 275. Calculate the highest common factor of a and h.
25
Let z(n) = 2*n**2 + 10*n - 7. Let a be z(-7). What is the highest common factor of 6 and a?
3
Suppose 180 = -27*i + 3771. What is the highest common divisor of i and 19?
19
Suppose -f = -2*c - 22, 0*c = -5*f + 6*c + 102. Calculate the greatest common factor of f and 3258.
18
Suppose 4*a + 134 = 10. Let l = 43 + a. Calculate the highest common factor of 4 and l.
4
Suppose -t = -75 - 37. Let z be (-9 + 1)/(5*(-5)/25). Calculate the greatest common factor of t and z.
8
Suppose -6*r + 3*r + 117 = 0. Let a = 233 + r. What is the highest common divisor of a and 34?
34
Let t(g) = -17*g**3 + 2*g**2 - 6*g - 8. Let j be t(-1). Calculate the highest common divisor of j and 374.
17
Suppose -4*y + 1 = -3. Suppose -y = 5*i - 11. What is the greatest common factor of i and 4?
2
Let s = -38 - -34. Let u(j) = -j + 1. Let k be u(s). What is the highest common factor of k and 45?
5
Suppose o = 5*x + 5, 4*o = -3*x - 0*x + 20. Suppose o*d - 58 + 8 = 0. Calculate the greatest common factor of 80 and d.
10
Let f(l) = 13*l + 734. Let i be f(-38). Calculate the highest common factor of 15 and i.
15
Let g(t) = t**2 + t. Let f be g(1). Suppose -f*m = -3*h + 1, 5*m + 0*h = -2*h + 45. Calculate the greatest common factor of m and 28.
7
Suppose -8*m + 26624 = 18*m. Calculate the greatest common divisor of 8 and m.
8
Suppose 6*v - 436 = 644. What is the greatest common factor of v and 20?
20
Let z = 254 + -180. Let i = -25 + z. Let y be (-11)/55 - (-108)/15. What is the highest common divisor of i and y?
7
Let t = 69 + -39. Let s(c) = -c**2 - 8*c - 9. Let a be ((-20)/(-8))/(1/(-2)). Let v be s(a). What is the highest common divisor of v and t?
6
Let x = 24 + -18. Suppose 20 = 3*t - n, -5*t = -x*n + 2*n - 38. What is the highest common divisor of 42 and t?
6
Suppose 2*j + 4 = 4*j. Suppose -3*r + j*l - 191 = 0, 3*l = 2*r + 55 + 69. Let q = 110 + r. Calculate the greatest common factor of 18 and q.
9
Let f be 4/(-10) - 804/(-60). Suppose d + l = 3*l + f, -10 = -d + l. Let y = 9 + d. What is the greatest common factor of y and 24?
8
Let h be (-6 + 4 - -1)/((-1)/115). Suppose 5*v - h = -15. Calculate the greatest common divisor of 60 and v.
20
Suppose -x + 0*x = f - 116, 2*x = 5*f + 253. What is the greatest common factor of x and 14?
7